{"id":277,"date":"2022-03-04T13:54:44","date_gmt":"2022-03-04T13:54:44","guid":{"rendered":"https:\/\/cibsec.usv.ro\/?page_id=277"},"modified":"2025-08-07T15:09:57","modified_gmt":"2025-08-07T15:09:57","slug":"securitate-cibernetica","status":"publish","type":"page","link":"https:\/\/cibsec.usv.ro\/","title":{"rendered":"MASTER &#8211; Securitate cibernetic\u0103"},"content":{"rendered":"<div class=\"wpb-content-wrapper\"><p>[vc_row full_width=&#8221;stretch_row_content&#8221;][vc_column][vc_column_text css=&#8221;&#8221;]Programe de formare \u0219i dezvoltare \u00een domeniul Securit\u0103\u021bii Cibernetice<\/p>\n<p>Admitere USV &#8211; \u00eencep\u00e2nd din 2022 este disponibil pentru \u00eenscrieri programul de master: <strong>Securitate cibernetic\u0103<\/strong><\/p>\n<p>Universitatea \u0218tefan cel Mare din Suceava sus\u021bine \u0219i pune la dispozi\u021bie resurse de preg\u0103tire \u0219i perfec\u021bionare \u00een domeniul securit\u0103\u021bii cibernetice pe mai multe niveluri:<\/p>\n<ul>\n<li>program de nivel masterat &#8211; Securitate cibernetic\u0103,<\/li>\n<li>cursuri postuniversitare \u00een domeniul securit\u0103\u021bii informa\u021bionale<\/li>\n<li>cursuri de perfec\u021bionare \u00een domeniul dezvolt\u0103rii \u0219i asigur\u0103rii securit\u0103\u021bii comunica\u021biilor prin intermediul mai multor acorduri academice cu diver\u0219i furnizori de resurse educa\u021bionale.<\/li>\n<\/ul>\n<p>&#8211; program de nivel masterat &#8211; Securitate cibernetic\u0103,<\/p>\n<p>&#8211; cursuri postuniversitare \u00een domeniul securit\u0103\u021bii informa\u021bionale<\/p>\n<p>&#8211; cursuri de perfec\u021bionare \u00een domeniul dezvolt\u0103rii \u0219i asigur\u0103rii securit\u0103\u021bii comunica\u021biilor prin intermediul mai multor acorduri academice cu diver\u0219i furnizori de resurse educa\u021bionale.&#8221;<\/p>\n<p>&nbsp;<\/p>\n<p>&nbsp;[\/vc_column_text][\/vc_column][\/vc_row][vc_row][vc_column][vc_message el_id=&#8221;about&#8221;]Programul de master &#8211; Securitate cibernetic\u0103[\/vc_message][vc_separator][vc_column_text el_id=&#8221;about&#8221;]<\/p>\n<h1>Master &#8211; Securitate cibernetic\u0103<\/h1>\n<p>Programul de studii de masterat profesional SECURITATE CIBERNETIC\u0102 \u00een domeniul <em>Inginerie electronic\u0103, telecomunica\u021bii \u0219i tehnologii informa\u021bional <\/em><\/p>\n<p>Are la baz\u0103 analizele realizate de c\u0103tre speciali\u0219tii Universit\u0103\u021bii \u0218tefan cel Mare din Suceava privind nevoile actuale ale societ\u0103\u021bii contemporane, legate de necesitatea dezvolt\u0103rii competentelor profesionale privind identificarea riscurilor, detectarea vulnerabilit\u0103\u021bilor \u0219i evaluarea sistemelor informatice, \u0219i a abilit\u0103\u021bilor practice de securizare a sistemelor informatice, insuficient dezvoltate.<\/p>\n<p>Aceste analize \u021bin\u00e2nd cont de evolu\u021bia amenin\u021b\u0103rilor cibernetice \u00een spa\u021biul cibernetic na\u021bional \u0219i interna\u021bional.<\/p>\n<p>Programul este coordonat \u00een cadrul Departamentului de CALCULATOARE, ELECTRONIC\u0102 \u0219i AUTOMATIC\u0102, al Facult\u0103\u021bii de Inginerie Electric\u0103 \u0219i \u0218tiin\u021ba Calculatoarelor, Universitatea \u201d\u0218tefan cel Mare\u201d din Suceava.<\/p>\n<p>Mai mult, direc\u021bia de studiu se \u00eencadreaz\u0103 \u00een politica general\u0103 a Universit\u0103\u021bii \u0218tefan cel Mare din Suceava, de formare de speciali\u0219ti cu preg\u0103tire superioar\u0103 \u00eentr-un domeniu de mare actualitate \u0219i cu \u021bint\u0103 pe termen lung \u00een aria securit\u0103\u021bii cibernetice.<\/p>\n<p>\u00cen concordan\u021b\u0103 cu politica general\u0103 a universit\u0103\u021bii, programul preg\u0103te\u0219te speciali\u0219ti capabili de a identifica vulnerabilit\u0103\u021bile sistemelor informatice, at\u00e2t pentru protec\u021bia datelor, c\u00e2t \u0219i pentru asigurarea unei bune func\u021bion\u0103ri a infrastructurilor de comunica\u021bii, utiliz\u00e2nd solu\u021bii de ultim\u0103 genera\u021bie pentru managementul \u0219i securitatea sistemelor informatice \u0219i de comunica\u021bii, a bazelor de date \u0219i a aplica\u021biilor.<\/p>\n<p>Asigur\u0103 preg\u0103tirea pe nivelul 7 al Cadrului European al Calific\u0103rilor &#8211; EQF (ciclul II Bologna \u2013 studii de masterat), \u00een principal a studen\u021bilor absolven\u021bi ai ciclului de licen\u021b\u0103 dintr-o facultate de profil av\u00e2nd urm\u0103toarele domenii de studii de licen\u021b\u0103: Inginerie electronic\u0103 telecomunica\u021bii \u0219i tehnologii informa\u021bionale, Calculatoare \u0219i tehnologia informa\u021biei, \u0219i Ingineria sistemelor.<\/p>\n<p>Dar, acest program poate fi urmat \u0219i de studen\u021bi absolven\u021bi ai unor facult\u0103\u021bi cu profil tehnic, care se \u00eencadreaz\u0103 \u00een domeniul fundamental \u0218tiin\u021be Inginere\u0219ti, complet\u00e2nd astfel preg\u0103tirea de baz\u0103 a absolven\u021bilor unui ciclu de licen\u021b\u0103.<\/p>\n<p><img loading=\"lazy\" decoding=\"async\" class=\"alignnone wp-image-53 size-full\" title=\"Securitate cibernetic\u0103\" src=\"https:\/\/cibsec.usv.ro\/wp-content\/uploads\/2019\/10\/logo-usv-coroana.png\" alt=\"Securitate cibernetic\u0103\" width=\"100\" height=\"100\" \/>[\/vc_column_text][vc_column_text]<\/p>\n<h3><strong>Securitate cibernetic\u0103 &#8211; Competen\u021be dezvoltate<\/strong><\/h3>\n<p>Programul de studii de masterat Securitate Cibernetic\u0103 este orientat preponderent spre formarea \u0219i aprofundarea competentelor profesionale\/inginere\u0219ti. Masteratul se bazeaz\u0103 pe cuno\u0219tin\u021be teoretice \u0219i practice \u0219i \u2013 corespunz\u0103tor \u2013 pe competen\u021be profesionale asimilate, respectiv formate \u00een ciclul de licen\u021b\u0103. Masteratul asigur\u0103:<\/p>\n<ul>\n<li>\u00censu\u0219irea de cuno\u0219tin\u021be aprofundate \u0219i de sintez\u0103 \u00een domeniu \u0219i \u00een specialitate;<\/li>\n<li>Formarea de competen\u021be care s\u0103 permit\u0103 absolven\u021bilor abordarea problemelor de concep\u021bie \u0219i de proiectare avansat\u0103 pentru procese \u0219i sisteme tehnice complexe, s\u0103 efectueze studii comparative de solu\u021bii tehnice, s\u0103 aib\u0103 no\u021biuni de optimizare, s\u0103 efectueze studii de impact tehnic \u0219i de impact asupra mediului specific.<\/li>\n<li>\u00censu\u0219irea tehnicilor de operare a aparaturii profesionale specifice.<\/li>\n<li>Utilizarea unor softuri profesionale specifice.<\/li>\n<\/ul>\n<p><strong>Competen\u021be Profesionale <\/strong><\/p>\n<p><strong>C1.<\/strong>\u00a0\u00a0\u00a0\u00a0\u00a0\u00a0\u00a0\u00a0 Operarea cu fundamente tehnice \u0219i \u0219tiin\u021bifice \u00een tehnologia informa\u021biei \u0219i comunica\u021biilor, orientate cu prec\u0103dere c\u0103tre aria Securit\u0103\u021bii Cibernetice<\/p>\n<p><strong>C2.<\/strong>\u00a0\u00a0\u00a0\u00a0\u00a0\u00a0\u00a0\u00a0 Utilizarea \u0219i administrarea sistemelor \u0219i re\u021belelor de comunica\u021bii \u0219i calculatoare<\/p>\n<p><strong>C3.<\/strong>\u00a0\u00a0\u00a0\u00a0\u00a0\u00a0\u00a0\u00a0 Analiza, modelarea \u015fi rezolvarea problemelor real complexe, ce implic\u0103 solu\u0163ii specifice re\u0163elelor de comunica\u0163ii \u015fi calculatoare<\/p>\n<p><strong>C4.<\/strong><strong>\u00a0\u00a0\u00a0\u00a0\u00a0\u00a0\u00a0\u00a0 <\/strong>\u00censu\u0219irea tehnicilor de operare \u0219i utilizare a aparaturii \u0219i aplica\u021biilor profesionale specifice ariei Securit\u0103\u021bii Cibernetice<\/p>\n<p><strong>C5.<\/strong>\u00a0\u00a0\u00a0\u00a0\u00a0\u00a0\u00a0\u00a0 Identificarea \u0219i combaterea riscurilor \u0219i pericolelor privind expunerea sistemelor informatice la atacuri cibernetice<\/p>\n<p><strong>C6.<\/strong><strong>\u00a0\u00a0\u00a0\u00a0\u00a0\u00a0\u00a0\u00a0 <\/strong>Solu\u021bionarea incidentelor de securitate folosind instrumente specifice, proiectarea \u0219i dezvoltarea de instrumente \u0219i aplica\u021bii specifice securit\u0103\u021bii cibernetice<\/p>\n<p><strong>Competen\u021be Transversale<\/strong><\/p>\n<p><strong>CT1.<\/strong>\u00a0\u00a0\u00a0\u00a0\u00a0\u00a0 Executarea unor sarcini profesionale complexe, \u00een condi\u021bii de autonomie \u0219i independen\u021b\u0103 profesional\u0103 individual sau \u00een grup;<\/p>\n<p><strong>CT2.<\/strong>\u00a0\u00a0\u00a0\u00a0\u00a0\u00a0 Managementul proiectelor complexe \u0219i utilizarea a diverse moduri\u00a0 de comunicare scris\u0103 \u0219i oral\u0103;<\/p>\n<p><strong>CT3.<\/strong>\u00a0\u00a0\u00a0\u00a0\u00a0\u00a0 Cunoa\u0219terea problemelor contemporane \u0219i recunoa\u0219terea nevoii de formare continu\u0103;<\/p>\n<p>&nbsp;<\/p>\n<p>&nbsp;[\/vc_column_text][vc_column_text]<\/p>\n<h3><strong>Securitate cibernetic\u0103 &#8211; Baza material\u0103<\/strong><\/h3>\n<p>Un mediu cibernetic securizat necesit\u0103 o for\u021b\u0103 de munc\u0103 \u00eenalt calificat\u0103, dar \u0219i un proces continuu de \u00eenv\u0103\u021bare. Cu toate acestea, la nivel mondial se constat\u0103 at\u00e2t o lips\u0103 acut\u0103 a speciali\u0219tilor, c\u00e2t \u0219i o informare insuficient\u0103 \u00een ceea ce prive\u0219te securitatea cibernetic\u0103, iar aceste caren\u021be nu pot \u00eensemna dec\u00e2t argumente puternice pentru adaptarea sistemului educa\u021bional la contextul actual.<\/p>\n<p>\u00cen primul r\u00e2nd, este necesar ca metodele de predare s\u0103 corespund\u0103 cerin\u021belor pie\u021bei de munc\u0103 din industria IT. Acest lucru presupune ca elevii \u0219i studen\u021bii s\u0103 fie instrui\u021bi \u00eentr-un mediu \u00een care s\u0103 dob\u00e2ndeasc\u0103 abilit\u0103\u021bi tehnice, prin participarea la laboratoare de tipul hands-on care s\u0103 le permit\u0103 simularea unor scenarii posibile \u00een via\u021ba real\u0103. \u00cen al doilea r\u00e2nd, predarea materiilor de specialitate trebuie s\u0103 aib\u0103 la baz\u0103 o program\u0103 educa\u021bional\u0103 cu o component\u0103 practic\u0103 capabil\u0103 s\u0103 asigure cele mai bune condi\u021bii pentru formarea profesioni\u0219tilor \u00een securitate cibernetic\u0103.<\/p>\n<p>Activit\u0103\u021bile specifice se desf\u0103\u0219oar\u0103 \u00een spa\u021biile Facult\u0103\u021bii de Inginerie Electric\u0103 \u0219i \u0218tiin\u021ba Calculatoarelor.<\/p>\n<p>A\u0219adar, Infrastructura principal\u0103 disponibil\u0103 pentru dezvoltarea disciplinelor existente \u00een planul de \u00eenv\u0103\u021b\u0103m\u00e2nt \u0219i implicit pentru efectuarea unor stagii de practic\u0103 este reprezentat\u0103 \u00een principal de urm\u0103toarele laboratoare de cercetare coordonate de Departamentul de Calculatoare, Electronic\u0103 \u0219i Automatic\u0103, Facultatea de Inginerie Electric\u0103 \u0219i \u0218tiin\u021ba Calculatoarelor, USV:<\/p>\n<p>(a) Laboratorul pentru cercet\u0103ri \u00een <strong>Ingineria Comunica\u021biilor \u0219i Securitatea Informa\u021biilor<\/strong> (<strong>Communication Engineering and Information Security Research Laboratory<\/strong>) (<a href=\"http:\/\/erris.gov.ro\/ComEngInfSec-ResLab\">http:\/\/erris.gov.ro\/ComEngInfSec-ResLab<\/a>). Acest laborator este echipat cu tehnologie modern\u0103 \u0219i echipament performant dedicat practicii \u0219i cercet\u0103rii \u00een domeniul re\u021belelor de comunica\u021bii \u0219i calculatoare. O lis\u0103 detaliat\u0103 a dot\u0103rilor \u0219i echipamentelor existente, se poate consulta acces\u00e2nd descrierea extins\u0103 de pe ERRIS (<a href=\"http:\/\/erris.gov.ro\/ComEngInfSec-ResLab\">http:\/\/erris.gov.ro\/ComEngInfSec-ResLab<\/a> ) \u0219i <a href=\"http:\/\/www.eed.usv.ro\/commeng\">http:\/\/www.eed.usv.ro\/commeng<\/a> \/.<\/p>\n<p>(b) Laboratoarele din cadrul Centrului integrat de cercetare, dezvoltare \u0219i inovare pentru Materiale Avansate, Nanotehnologii \u0219i Sisteme Distribuite de fabrica\u021bie \u0219i control\u201d (Integrated Center for research, development and innovation in Advanced Materials, Nanotechnologies, and Distributed Systems for fabrication and control &#8211; MANSiD). O lis\u0103 detaliat\u0103 a dot\u0103rilor \u0219i echipamentelor existente, se poate consulta acces\u00e2nd descrierea extins\u0103 de pe ERRIS (<a href=\"http:\/\/erris.gov.ro\/Centru-integrat-de-cercetare\">http:\/\/erris.gov.ro\/Centru-integrat-de-cercetare<\/a>) \u0219i <a href=\"http:\/\/mansid.usv.ro\/\">http:\/\/mansid.usv.ro\/<\/a>.[\/vc_column_text][\/vc_column][\/vc_row][vc_section video_bg=&#8221;yes&#8221; video_bg_url=&#8221;https:\/\/www.youtube.com\/watch?v=m-BsM_FHGEs&#8221; css=&#8221;.vc_custom_1754579348587{background-color: #f1f2f3 !important;}&#8221; el_id=&#8221;inscrieri&#8221; min_height=&#8221;600&#8243;][vc_row][vc_column][vc_column_text]<\/p>\n<h3><strong>\u00ceNSCRIERI<\/strong><\/h3>\n<p>Admitere USV &#8211; adimiterea pentru anul acesta s-a incheiat cu succes,<\/p>\n<p>o grupa de studiu \u00ee\u0219i desf\u0103\u0219oar\u0103 activitatea<\/p>\n<p>Te a\u0219tept\u0103m s\u0103 ni te al\u0103turi anul viitor!<\/p>\n<p><a href=\"https:\/\/admitere.usv.ro\/\">Admitere (usv.ro)<\/a>[\/vc_column_text][\/vc_column][\/vc_row][vc_row][vc_column][\/vc_column][\/vc_row][vc_row][vc_column][\/vc_column][\/vc_row][\/vc_section][vc_section css=&#8221;.vc_custom_1647827696819{background-color: #000000 !important;}&#8221;][vc_row][vc_column width=&#8221;1\/2&#8243;][vc_column_text]<\/p>\n<h3 style=\"color: rgba(255,255,255,.5);\">Informa\u021bii program master<\/h3>\n<ul>\n<li><a style=\"color: white;\" href=\"https:\/\/cibsec.usv.ro\/wp-content\/uploads\/2022\/09\/Plan-SC_FIESC_final.pdf\">Planul de \u00eenv\u0103\u021b\u0103m\u00e2nt<\/a><\/li>\n<li><a style=\"color: white;\" href=\"https:\/\/admitereonline.usv.ro\/admitere\/Default\/DefaultStudent.aspx\" target=\"_blank\" rel=\"noopener noreferrer\">\u00censcriere online<\/a><\/li>\n<li><a style=\"color: white;\" href=\"https:\/\/fiesc.usv.ro\/masterat-admitere\/\">Admitere master<\/a><\/li>\n<\/ul>\n<p>[\/vc_column_text][\/vc_column][vc_column width=&#8221;1\/2&#8243;][vc_column_text]<\/p>\n<h3><span style=\"color: #808080;\">Utile<\/span><\/h3>\n<ul>\n<li><span style=\"color: #ffffff;\"><a style=\"color: #ffffff;\" href=\"http:\/\/www.usv.ro\/\" target=\"_blank\" rel=\"noopener noreferrer\">Universitatea \u201e\u0218tefan cel Mare\u201d din Suceava<\/a><\/span><\/li>\n<li><span style=\"color: #ffffff;\"><a style=\"color: #ffffff;\" href=\"http:\/\/fiesc.usv.ro\/\" target=\"_blank\" rel=\"noopener noreferrer\">Facultatea de Inginerie Electric\u0103 \u0219i \u0218tiin\u021ba Calculatoarelor<\/a><\/span><\/li>\n<li><span style=\"color: #ffffff;\"><a style=\"color: #ffffff;\" href=\"https:\/\/ctf.usv.ro\/\" target=\"_blank\" rel=\"noopener noreferrer\">Concursul studen\u021besc CTF USV<\/a><\/span><\/li>\n<\/ul>\n<p>[\/vc_column_text][\/vc_column][\/vc_row][vc_row][vc_column][vc_column_text]<\/p>\n<p style=\"text-align: right;\"><a style=\"color: rgba(255,255,255,.5);\" href=\"#header\">Top page <\/a><\/p>\n<p>[\/vc_column_text][\/vc_column][\/vc_row][\/vc_section][vc_row][vc_column][\/vc_column][\/vc_row]<\/p>\n<\/div>","protected":false},"excerpt":{"rendered":"<p>[vc_row full_width=&#8221;stretch_row_content&#8221;][vc_column][vc_column_text css=&#8221;&#8221;]Programe de formare \u0219i dezvoltare \u00een domeniul Securit\u0103\u021bii Cibernetice Admitere USV &#8211; \u00eencep\u00e2nd din 2022 este disponibil pentru \u00eenscrieri programul de master: Securitate cibernetic\u0103 Universitatea \u0218tefan cel Mare din Suceava sus\u021bine \u0219i pune la dispozi\u021bie resurse de preg\u0103tire \u0219i perfec\u021bionare \u00een domeniul securit\u0103\u021bii cibernetice pe mai multe niveluri: program de nivel masterat &#8211; [&hellip;]<\/p>\n","protected":false},"author":3,"featured_media":0,"parent":0,"menu_order":0,"comment_status":"closed","ping_status":"closed","template":"","meta":{"footnotes":""},"class_list":["post-277","page","type-page","status-publish","hentry"],"aioseo_notices":[],"_links":{"self":[{"href":"https:\/\/cibsec.usv.ro\/index.php\/wp-json\/wp\/v2\/pages\/277","targetHints":{"allow":["GET"]}}],"collection":[{"href":"https:\/\/cibsec.usv.ro\/index.php\/wp-json\/wp\/v2\/pages"}],"about":[{"href":"https:\/\/cibsec.usv.ro\/index.php\/wp-json\/wp\/v2\/types\/page"}],"author":[{"embeddable":true,"href":"https:\/\/cibsec.usv.ro\/index.php\/wp-json\/wp\/v2\/users\/3"}],"replies":[{"embeddable":true,"href":"https:\/\/cibsec.usv.ro\/index.php\/wp-json\/wp\/v2\/comments?post=277"}],"version-history":[{"count":3,"href":"https:\/\/cibsec.usv.ro\/index.php\/wp-json\/wp\/v2\/pages\/277\/revisions"}],"predecessor-version":[{"id":693,"href":"https:\/\/cibsec.usv.ro\/index.php\/wp-json\/wp\/v2\/pages\/277\/revisions\/693"}],"wp:attachment":[{"href":"https:\/\/cibsec.usv.ro\/index.php\/wp-json\/wp\/v2\/media?parent=277"}],"curies":[{"name":"wp","href":"https:\/\/api.w.org\/{rel}","templated":true}]}}