{"id":2,"date":"2019-10-17T11:33:58","date_gmt":"2019-10-17T11:33:58","guid":{"rendered":"http:\/\/cibsec.usv.ro\/?page_id=2"},"modified":"2025-08-07T15:11:38","modified_gmt":"2025-08-07T15:11:38","slug":"cursuri-postuniversitare","status":"publish","type":"page","link":"https:\/\/cibsec.usv.ro\/index.php\/cursuri-postuniversitare\/","title":{"rendered":"Cursuri postuniversitare"},"content":{"rendered":"<div class=\"wpb-content-wrapper\"><p>[vc_row full_width=&#8221;stretch_row_content_no_spaces&#8221;][vc_column][vc_column_text][heading_box parallax=&#8221;content-moving&#8221; parallax_image=&#8221;48&#8243; parallax_speed_bg=&#8221;1&#8243; text_static=&#8221;Cursuri Postuniversitare &#8221; text_animation=&#8221;\u00een domeniul Securit\u0103\u021bii Informatice&#8221; type_animation=&#8221;zoom&#8221; text_content=&#8221;Formare \u0219i Dezvoltare Continu\u0103 &#8221; button1_label=&#8221;\u00censcriere online dup\u0103 01.10.2022&#8243; button1_url=&#8221;#&#8221; scroll_down=&#8221;1&#8243; canvas_snow=&#8221;canvas_animator&#8221; overlay_color=&#8221;rgba(0,0,2,0.94)&#8221; overlay_second_color=&#8221;#000002&#8243; text_color=&#8221;&#8221; des_align=&#8221;text-center&#8221; canvas=&#8221;snow&#8221; style=&#8221;&#8221; overlay=&#8221;1&#8243; images=&#8221;280&#8243; des_text_color=&#8221;#ffffff&#8221; text_dynamic=&#8221;WE ARE UNIQUE,Get passion you want&#8221;][\/vc_column_text][\/vc_column][\/vc_row][vc_row el_id=&#8221;about&#8221; css=&#8221;.vc_custom_1662595009629{margin-bottom: 60px !important;border-bottom-width: 60px !important;padding-top: 30px !important;}&#8221;][vc_column parallax=&#8221;content-moving-fade&#8221; width=&#8221;1\/2&#8243;][vc_single_image image=&#8221;64&#8243; img_size=&#8221;full&#8221; alignment=&#8221;center&#8221; css_animation=&#8221;fadeIn&#8221;][\/vc_column][vc_column width=&#8221;1\/2&#8243;][vc_column_text css_animation=&#8221;fadeIn&#8221; css=&#8221;.vc_custom_1662600877311{margin-top: 60px !important;}&#8221;]<\/p>\n<h1>Fundamentele Securit\u0103\u021bii Cibernetice<\/h1>\n<h3><\/h3>\n<h3>Perioada de \u00eenscriere:<\/h3>\n<p>TBA<\/p>\n<h3><span style=\"font-size: 22px;\">Perioada de desf\u0103\u0219urare a cursurilor:<\/span><\/h3>\n<p>TBA<\/p>\n<h3>Taxa de \u0219colarizare:<\/h3>\n<p>1200 RON<\/p>\n<h3>Durata programului de studiu:<\/h3>\n<p>60 ore[\/vc_column_text][vc_row_inner][vc_column_inner width=&#8221;1\/2&#8243;][vc_btn title=&#8221;Modalit\u0103\u021bi de \u00eenscriere&#8221; style=&#8221;gradient&#8221; gradient_color_1=&#8221;peacoc&#8221; gradient_color_2=&#8221;sky&#8221; align=&#8221;center&#8221; css_animation=&#8221;none&#8221; button_block=&#8221;true&#8221; link=&#8221;url:%23inscrieri|||&#8221;][\/vc_column_inner][vc_column_inner width=&#8221;1\/2&#8243;][vc_btn title=&#8221;Mai multe detalii&#8221; css_animation=&#8221;none&#8221; link=&#8221;url:%23footer|||&#8221;][\/vc_column_inner][\/vc_row_inner][vc_column_text css_animation=&#8221;fadeIn&#8221;]\u00censcrierea cursan\u0163ilor se va face \u00een ordinea primirii dosarelor, \u00een limita locurilor disponibile \u015fi a \u00eendeplinirii condi\u0163iilor de eligibilitate.[\/vc_column_text][\/vc_column][vc_column][vc_column_text css_animation=&#8221;fadeIn&#8221; css=&#8221;&#8221;]Programe disponibile de studii postuniversitare de formare \u0219i de dezvoltare profesional\u0103 continu\u0103 \u00een domeniul Securit\u0103\u021bii Informa\u021bionale:<\/p>\n<ol>\n<li>\n<h3>Fundamentele Securit\u0103\u021bii Cibernetice <strong>[60 de ore &#8211; status actual: Inactiv*]<\/strong><\/h3>\n<\/li>\n<li>\n<h3>Securitatea Sistemelor Informatice <b>[<\/b><strong>90 de ore &#8211; status actual: Inactiv<\/strong><b>*]<\/b><\/h3>\n<\/li>\n<li>\n<h3>Managementul Incidentelor de Securitate Cibernetic\u0103 [<strong>60 de ore &#8211; status actual: Inactiv<\/strong><b>*]<\/b><\/h3>\n<\/li>\n<\/ol>\n<div><i>* un program se activeaz\u0103 dac\u0103 exist\u0103 un num\u0103r minim de 12 cursan\u021bi admi\u0219i.<\/i><\/div>\n<p>[\/vc_column_text][\/vc_column][\/vc_row][vc_row bt_bg_fixed=&#8221;true&#8221; css=&#8221;.vc_custom_1571399739973{margin-bottom: 90px !important;padding-top: 30px !important;padding-bottom: 30px !important;background-position: center !important;background-repeat: no-repeat !important;background-size: cover !important;}&#8221;][vc_column el_class=&#8221;container-border&#8221;][vc_column_text css_animation=&#8221;fadeIn&#8221; css=&#8221;.vc_custom_1571912459901{padding-right: 45px !important;padding-left: 45px !important;}&#8221;]<\/p>\n<h2><strong>DESPRE PROGRAM<br \/>\n<\/strong><\/h2>\n<p>Programul este organizat de c\u0103tre Facultatea de Facultatea de Inginerie Electric\u0103 \u0219i \u0218tiin\u021ba Calculatoarelor \u00een colaborare cu exper\u021bi \u00een securitate informa\u021bional\u0103 de la compania Safetech Innovations Bucure\u0219ti, sub egida Universit\u0103\u021bii \u201e\u0218tefan cel Mare\u201d din Suceava.<\/p>\n<p>Programul reprezint\u0103 o oportunitate pentru persoanele de\u021bin o diplom\u0103 de licen\u0163\u0103 \u015fi \u00ee\u015fi doresc s\u0103 acumuleze cuno\u015ftin\u0163e \u015fi competen\u0163e \u00een domeniul Securit\u0103\u0163ii Informatice.<\/p>\n<p>Acest program este avizat de c\u0103tre Ministerul Educa\u0163iei Na\u0163ionale \u015fi este organizat pe baza legisla\u0163iei \u00een vigoare \u015fi a Regulamentului Universit\u0103\u0163ii \u201c\u015etefan cel Mare\u201d Suceava, privind organizarea \u015fi func\u0163ionarea programelor postuniversitare de formare \u015fi dezvoltare continu\u0103.<\/p>\n<p>Programul postuniversitar de formare \u015fi dezvoltare profesional\u0103 continu\u0103 se finalizeaz\u0103 cu un examen de certificare a competen\u0163elor profesionale asimilate de cursan\u0163i pe parcursul programului \u0219i se elibereaz\u0103 un <b>Certificat de atestare a competentelor profesionale<\/b>.<\/p>\n<p>Lectorii programului vor fi cadre didactice din USV \u00eempreun\u0103 cu speciali\u0219ti din industria IT.[\/vc_column_text][vc_btn title=&#8221;Planificarea cursului&#8221; i_icon_fontawesome=&#8221;fa fa-calendar&#8221; css=&#8221;.vc_custom_1571912414271{padding-right: 45px !important;padding-left: 45px !important;}&#8221; add_icon=&#8221;true&#8221; link=&#8221;url:http%3A%2F%2Fwww.cibsec.usv.ro%2Fwp-content%2Fuploads%2F2019%2F10%2FORAR-FUNDAMENTELE-SECURITATII-CIBERNETICE.pdf|||&#8221;][\/vc_column][\/vc_row][vc_row css=&#8221;.vc_custom_1571664770623{margin-bottom: 0px !important;border-bottom-width: 120px !important;padding-top: 120px !important;background-color: #f1f2f3 !important;}&#8221; el_id=&#8221;inscrieri&#8221;][vc_column css=&#8221;.vc_custom_1754579439554{background-color: #000000 !important;}&#8221;][vc_column_text]<\/p>\n<p style=\"text-align: center;\">\u00censcrierile se pot face acces\u00e2nd <a href=\"https:\/\/docs.google.com\/forms\/d\/e\/1FAIpQLScXj5H0VdDJM-0A-P52pjmjS4aOhkAOfvxXPQXfxNwePpWImg\/viewform\">formularul online<\/a> sau la secretariatul Facultat\u0103\u021bii de Inginerie Electric\u0103 \u015fi \u015etiin\u0163a Calculatoarelor, corp D, camera D105, telefon: +40 230 524801, e-mail: <a href=\"mailto:secretariat@eed.usv.ro\">secretariat@eed.usv.ro<\/a><\/p>\n<p style=\"text-align: center;\">Persoana de contact: ing. Lucia-Cristina POPESCU, <a href=\"mailto:lucia.popescu@usm.ro\">lucia.popescu@usm.ro<\/a>, Tel: +40 230 522978, int.124<\/p>\n<hr style=\"border-color: rgba(0,0,0,.15); width: 20%;\" \/>\n<div style=\"text-align: center;\">Contact pentru aspecte didactice, tehnice sau organizatorice: <a href=\"mailto:sectrain@usv.ro\" target=\"_blank\" rel=\"noopener noreferrer\">sectrain@usv.ro<\/a><\/div>\n<div style=\"text-align: center;\"><\/div>\n<p>[\/vc_column_text][vc_btn title=&#8221;\u00ceNSCRIE-TE ONLINE&#8221; style=&#8221;gradient&#8221; gradient_color_1=&#8221;sky&#8221; gradient_color_2=&#8221;peacoc&#8221; align=&#8221;center&#8221; css_animation=&#8221;bounceIn&#8221; css=&#8221;.vc_custom_1571724168579{margin-bottom: 90px !important;}&#8221; link=&#8221;url:https%3A%2F%2Fdocs.google.com%2Fforms%2Fd%2Fe%2F1FAIpQLScXj5H0VdDJM-0A-P52pjmjS4aOhkAOfvxXPQXfxNwePpWImg%2Fviewform%3Fusp%3Dsf_link||target:%20_blank|&#8221;][\/vc_column][\/vc_row][vc_row css=&#8221;.vc_custom_1571665140592{background-color: #020202 !important;}&#8221;][vc_column][\/vc_column][\/vc_row][vc_row css=&#8221;.vc_custom_1571665826746{padding-top: 120px !important;padding-bottom: 100px !important;background-color: #020202 !important;}&#8221; el_id=&#8221;footer&#8221;][vc_column width=&#8221;1\/2&#8243;][vc_column_text]<\/p>\n<h3 style=\"color: rgba(255,255,255,.5);\">Detalii curs<\/h3>\n<ul>\n<li><a style=\"color: white;\" href=\"http:\/\/www.cibsec.usv.ro\/wp-content\/uploads\/2019\/10\/planuri_FSI_SSI_MISC.pdf\">Planul de \u00eenv\u0103\u021b\u0103m\u00e2nt<\/a><\/li>\n<li><a style=\"color: white;\" href=\"https:\/\/docs.google.com\/forms\/d\/e\/1FAIpQLScXj5H0VdDJM-0A-P52pjmjS4aOhkAOfvxXPQXfxNwePpWImg\/viewform\" target=\"_blank\" rel=\"noopener noreferrer\">\u00censcriere online<\/a><\/li>\n<li><a style=\"color: white;\" href=\"#inscrieri\">Alte modalit\u0103\u021bi de \u00eenscriere<\/a><\/li>\n<li><a style=\"color: white;\" href=\"http:\/\/www.calitate.usv.ro\/pagini\/proceduri\/R50%20Regulament%20Studii%20postuniversitare%20ed.2_rev.0_26_07_2018_semnat.pdf\" target=\"_blank\" rel=\"noopener noreferrer\">Regulament studii post universitare<\/a><\/li>\n<li><a style=\"color: white;\" href=\"http:\/\/cibsec.usv.ro\/wp-content\/uploads\/2019\/10\/aviz_MEN.pdf\">Aviz M.E.N.<\/a><\/li>\n<\/ul>\n<p>[\/vc_column_text][\/vc_column][vc_column width=&#8221;1\/2&#8243;][vc_column_text]<\/p>\n<h3 style=\"color: rgba(255,255,255,.5);\">Utile<\/h3>\n<ul>\n<li><a style=\"color: white;\" href=\"http:\/\/www.cibsec.usv.ro\/wp-content\/uploads\/2019\/10\/ORAR-FUNDAMENTELE-SECURITATII-CIBERNETICE.pdf\">Planificarea cursului Fundamentele Securit\u0103\u021bii Cibernetice (.pdf)<\/a><\/li>\n<li><a style=\"color: white;\" href=\"http:\/\/www.cibsec.usv.ro\/wp-content\/uploads\/2019\/10\/Afis-Introducere-Securitate-Cibernetica.jpg\">Afi\u0219 curs (.jpg)<\/a><\/li>\n<li><a style=\"color: white;\" href=\"http:\/\/www.usv.ro\" target=\"_blank\" rel=\"noopener noreferrer\">Universitatea \u201e\u0218tefan cel Mare\u201d din Suceava<\/a><\/li>\n<li><a style=\"color: white;\" href=\"http:\/\/fiesc.usv.ro\" target=\"_blank\" rel=\"noopener noreferrer\">Facultatea de Inginerie Electric\u0103 \u0219i \u0218tiin\u021ba Calculatoarelor<\/a><\/li>\n<\/ul>\n<p>[\/vc_column_text][vc_column_text]<\/p>\n<p style=\"text-align: right;\"><a style=\"color: rgba(255,255,255,.5);\" href=\"#header\">Top page <\/a><\/p>\n<p>[\/vc_column_text][\/vc_column][\/vc_row]<\/p>\n<\/div>","protected":false},"excerpt":{"rendered":"<p>[vc_row full_width=&#8221;stretch_row_content_no_spaces&#8221;][vc_column][vc_column_text][heading_box parallax=&#8221;content-moving&#8221; parallax_image=&#8221;48&#8243; parallax_speed_bg=&#8221;1&#8243; text_static=&#8221;Cursuri Postuniversitare &#8221; text_animation=&#8221;\u00een domeniul Securit\u0103\u021bii Informatice&#8221; type_animation=&#8221;zoom&#8221; text_content=&#8221;Formare \u0219i Dezvoltare Continu\u0103 &#8221; button1_label=&#8221;\u00censcriere online dup\u0103 01.10.2022&#8243; button1_url=&#8221;#&#8221; scroll_down=&#8221;1&#8243; canvas_snow=&#8221;canvas_animator&#8221; overlay_color=&#8221;rgba(0,0,2,0.94)&#8221; overlay_second_color=&#8221;#000002&#8243; text_color=&#8221;&#8221; des_align=&#8221;text-center&#8221; canvas=&#8221;snow&#8221; style=&#8221;&#8221; overlay=&#8221;1&#8243; images=&#8221;280&#8243; des_text_color=&#8221;#ffffff&#8221; text_dynamic=&#8221;WE ARE UNIQUE,Get passion you want&#8221;][\/vc_column_text][\/vc_column][\/vc_row][vc_row el_id=&#8221;about&#8221; css=&#8221;.vc_custom_1662595009629{margin-bottom: 60px !important;border-bottom-width: 60px !important;padding-top: 30px !important;}&#8221;][vc_column parallax=&#8221;content-moving-fade&#8221; width=&#8221;1\/2&#8243;][vc_single_image image=&#8221;64&#8243; img_size=&#8221;full&#8221; alignment=&#8221;center&#8221; css_animation=&#8221;fadeIn&#8221;][\/vc_column][vc_column width=&#8221;1\/2&#8243;][vc_column_text [&hellip;]<\/p>\n","protected":false},"author":1,"featured_media":0,"parent":0,"menu_order":0,"comment_status":"closed","ping_status":"closed","template":"","meta":{"footnotes":""},"class_list":["post-2","page","type-page","status-publish","hentry"],"aioseo_notices":[],"_links":{"self":[{"href":"https:\/\/cibsec.usv.ro\/index.php\/wp-json\/wp\/v2\/pages\/2","targetHints":{"allow":["GET"]}}],"collection":[{"href":"https:\/\/cibsec.usv.ro\/index.php\/wp-json\/wp\/v2\/pages"}],"about":[{"href":"https:\/\/cibsec.usv.ro\/index.php\/wp-json\/wp\/v2\/types\/page"}],"author":[{"embeddable":true,"href":"https:\/\/cibsec.usv.ro\/index.php\/wp-json\/wp\/v2\/users\/1"}],"replies":[{"embeddable":true,"href":"https:\/\/cibsec.usv.ro\/index.php\/wp-json\/wp\/v2\/comments?post=2"}],"version-history":[{"count":4,"href":"https:\/\/cibsec.usv.ro\/index.php\/wp-json\/wp\/v2\/pages\/2\/revisions"}],"predecessor-version":[{"id":695,"href":"https:\/\/cibsec.usv.ro\/index.php\/wp-json\/wp\/v2\/pages\/2\/revisions\/695"}],"wp:attachment":[{"href":"https:\/\/cibsec.usv.ro\/index.php\/wp-json\/wp\/v2\/media?parent=2"}],"curies":[{"name":"wp","href":"https:\/\/api.w.org\/{rel}","templated":true}]}}